{"id":9,"date":"2016-06-06T21:00:52","date_gmt":"2016-06-06T19:00:52","guid":{"rendered":"http:\/\/www.ai-le.de\/?page_id=9"},"modified":"2023-04-07T16:54:59","modified_gmt":"2023-04-07T14:54:59","slug":"impressum","status":"publish","type":"page","link":"https:\/\/www.ai-le.de\/?page_id=9","title":{"rendered":"Impressum"},"content":{"rendered":"<p><span style=\"font-family: verdana;\"><span style=\"font-size: small;\">Lebenswertes LE ist ein eingetragener Verein, der gemeinn\u00fctzig t\u00e4tig ist.<br \/>\nDer Verein wird vertreten durch seine Vorsitzende:<br \/>\nMonika Heilmann<br \/>\n70771 Leinfelden-Echterdingen<br \/>\n<\/span><\/span><\/p>\n<p>Inhaltlich Verantwortliche gem\u00e4\u00df \u00a7 6 MDStV ist:<br \/>\nMonika Heilmann<br \/>\n70771 Leinfelden-Echterdingen<\/p>\n<hr \/>\n<p><span style=\"font-family: verdana;\"><span style=\"font-size: small;\">Zus\u00e4tzlicher Hinweis:<br \/>\nDer Verein Lebenswertes LE hat keinerlei Einfluss auf die aktuelle und zuk\u00fcnftige Gestaltung und den Inhalt der gelinkten Seiten. Deshalb distanziert sich der Verein ausdr\u00fccklich von den Inhalten aller unter www.lebenswertes-le.de.vu gelinkten Seiten und von allen Inhalten der Seiten, zu denen Links f\u00fchren.<br \/>\nDer Verein Lebenswertes LE \u00fcbernimmt keine Gew\u00e4hr f\u00fcr die Richtigkeit, Vollst\u00e4ndigkeit und Aktualit\u00e4t der bereitgestellten Informationen. In keinem Fall wird f\u00fcr Sch\u00e4den, die sich aus der Verwendung der abgerufenen Informationen ergeben, eine Haftung \u00fcbernommen.<br \/>\nDatenschutz-Hinweis:<br \/>\nE-Mails und Formulareintr\u00e4ge werden ohne zus\u00e4tzliche Verschl\u00fcsselungstechniken weitergeleitet. Alle gesendeten Informationen k\u00f6nnen daher unter Umst\u00e4nden von Dritten eingesehen werden. Vertrauliche Daten sollten daher nicht \u00fcbermittelt werden. <\/span><\/span><\/p>\n","protected":false},"excerpt":{"rendered":"<p>Lebenswertes LE ist ein eingetragener Verein, der gemeinn\u00fctzig t\u00e4tig ist. Der Verein wird vertreten durch seine Vorsitzende: Monika Heilmann 70771 Leinfelden-Echterdingen Inhaltlich Verantwortliche gem\u00e4\u00df \u00a7 6 MDStV ist: Monika Heilmann 70771 Leinfelden-Echterdingen<a class=\"moretag\" href=\"https:\/\/www.ai-le.de\/?page_id=9\">Read More&#8230;<\/a><\/p>\n","protected":false},"author":1,"featured_media":0,"parent":0,"menu_order":0,"comment_status":"closed","ping_status":"closed","template":"","meta":{"footnotes":""},"_links":{"self":[{"href":"https:\/\/www.ai-le.de\/index.php?rest_route=\/wp\/v2\/pages\/9"}],"collection":[{"href":"https:\/\/www.ai-le.de\/index.php?rest_route=\/wp\/v2\/pages"}],"about":[{"href":"https:\/\/www.ai-le.de\/index.php?rest_route=\/wp\/v2\/types\/page"}],"author":[{"embeddable":true,"href":"https:\/\/www.ai-le.de\/index.php?rest_route=\/wp\/v2\/users\/1"}],"replies":[{"embeddable":true,"href":"https:\/\/www.ai-le.de\/index.php?rest_route=%2Fwp%2Fv2%2Fcomments&post=9"}],"version-history":[{"count":7,"href":"https:\/\/www.ai-le.de\/index.php?rest_route=\/wp\/v2\/pages\/9\/revisions"}],"predecessor-version":[{"id":778,"href":"https:\/\/www.ai-le.de\/index.php?rest_route=\/wp\/v2\/pages\/9\/revisions\/778"}],"wp:attachment":[{"href":"https:\/\/www.ai-le.de\/index.php?rest_route=%2Fwp%2Fv2%2Fmedia&parent=9"}],"curies":[{"name":"wp","href":"https:\/\/api.w.org\/{rel}","templated":true}]}}