{"id":27,"date":"2016-06-27T20:39:49","date_gmt":"2016-06-27T18:39:49","guid":{"rendered":"http:\/\/www.ai-le.de\/?page_id=27"},"modified":"2023-11-06T10:07:53","modified_gmt":"2023-11-06T09:07:53","slug":"ueber-uns","status":"publish","type":"page","link":"https:\/\/www.ai-le.de\/?page_id=27","title":{"rendered":"Presse"},"content":{"rendered":"<p><strong>Presseartikel Stuttgarter Zeitung und Filder-Zeitung<\/strong><\/p>\n<p><a href=\"https:\/\/www.ai-le.de\/wp-content\/uploads\/2023\/11\/2022-02-22-filderzeitung-leserbrief-arme-kinder-in-reichen-staedten.pdf\" target=\"_blank\" rel=\"noopener\">Filder Zeitung Februar 2022, Leserbrief &#8222;Arme Kinder in reichen st\u00e4dten&#8220;<\/a><\/p>\n<p><a href=\"https:\/\/www.ai-le.de\/wp-content\/uploads\/2023\/11\/2021-11-24-filderzeitung-leserbrief-nicht-lamentieren.pdf\" target=\"_blank\" rel=\"noopener\">Filder Zeitung November 2021, Leserbrief &#8222;Nicht Lamentieren&#8220;<\/a><\/p>\n<p><a href=\"https:\/\/www.ai-le.de\/wp-content\/uploads\/2021\/10\/2021-10-20-filder-zeitung-fluechtlingshelfer-fordern-mehr-hilfe.pdf\" target=\"_blank\" rel=\"noopener\">Filder Zeitung Oktober 2021, Fl\u00fcchtlingshelfer fordern mehr Hilfe<\/a><\/p>\n<p><a href=\"https:\/\/www.ai-le.de\/wp-content\/uploads\/2021\/10\/2021-09-15-filder-zeitung-ein-junger-syrer-geht-seinen-weg.pdf\" target=\"_blank\" rel=\"noopener\">Filder Zeitung September 2021, Ein junger Syrer geht seinen Weg<\/a><\/p>\n<p><a href=\"https:\/\/www.ai-le.de\/wp-content\/uploads\/2021\/10\/2021-05-31-filderzeitung-montha-hat-noch-immer-keine-integrationskraft.pdf\" target=\"_blank\" rel=\"noopener\">Filder Zeitung Mai 2021, Montha hat noch immer keine Integrationskraft<\/a><\/p>\n<p><a href=\"https:\/\/www.ai-le.de\/wp-content\/uploads\/2022\/12\/2020-09-29-filderzeitung-familie-kaempft-mit-anwalt-um-kita-platz.pdf\" target=\"_blank\" rel=\"noopener noreferrer\">Filder Zeitung September 2020, Familie k\u00e4mpft mit Anwalt um Kita-Platz<\/a><\/p>\n<p><a href=\"https:\/\/www.ai-le.de\/wp-content\/uploads\/2022\/12\/2020-07-13-filderzeitung-der-lange-weg-zum-krankenpfleger.pdf\" target=\"_blank\" rel=\"noopener noreferrer\">Filder Zeitung Juli 2020, Der lange Weg zum Krankenpfleger<\/a><\/p>\n<p><a href=\"https:\/\/www.ai-le.de\/wp-content\/uploads\/2022\/12\/2020-06-06-filderzeitung-warum-montha-noch-immer-auf-einen-kita-platz-wartet.pdf\" target=\"_blank\" rel=\"noopener noreferrer\">Filder Zeitung Juni 2020, Warum Montha noch immer auf einen Kita-Platz wartet<\/a><\/p>\n<p><a href=\"https:\/\/www.ai-le.de\/wp-content\/uploads\/2022\/12\/2019-12-02%20FZ%20Leserbrief%20Monika%20Heilmann%20-.pdf\" target=\"_blank\" rel=\"noopener noreferrer\">Filder Zeitung Dezember 2019, Leserbrief Monika Heilmann<\/a><\/p>\n<p><a href=\"https:\/\/www.ai-le.de\/wp-content\/uploads\/2022\/12\/2019-10-31-fz-der-pinsel-hilft-beim-verarbeiten-des-erlebten.pdf\" target=\"_blank\" rel=\"noopener noreferrer\">Filder Zeitung Oktober 2019, Der Pinsel hilft beim Verarbeiten des Erlebten<\/a><\/p>\n<p><a href=\"https:\/\/www.ai-le.de\/wp-content\/uploads\/2022\/12\/2019-09-04-zum-duschen-in-den-container.pdf\" target=\"_blank\" rel=\"noopener noreferrer\">Filder Zeitung September 2019, Zum Duschen in den Container<\/a><\/p>\n<p><a href=\"https:\/\/www.ai-le.de\/wp-content\/uploads\/2022\/12\/2019-05-22-kita-nur-mit-antrag-fz.pdf\" target=\"_blank\" rel=\"noopener noreferrer\">Filder Zeitung April 2019, einen kostenlosen Kitaplatz gibt es nur auf Antrag<\/a><\/p>\n<p><a href=\"https:\/\/www.ai-le.de\/wp-content\/uploads\/2022\/12\/2019-05-08-filder-extra-wochenblatt-kitabrief.pdf\" target=\"_blank\" rel=\"noopener noreferrer\">Filder Extra Wochenblatt April 2019, Kinder benachteiligt<\/a><\/p>\n<p><a href=\"https:\/\/www.ai-le.de\/wp-content\/uploads\/2022\/12\/2019-04-20-filderzeitung-tragegurt-und-wohnungssuche.pdf\" target=\"_blank\" rel=\"noopener noreferrer\">Filder Zeitung April 2019, Suche von Tragegurt und Wohnung<\/a><\/p>\n<p><a href=\"https:\/\/www.ai-le.de\/wp-content\/uploads\/2022\/12\/2018-10-21-filder-zeitung-flueag-gelder.pdf\" target=\"_blank\" rel=\"noopener noreferrer\">Filder Zeitung Oktober 2018, Auch unter Helfern gibt es Streit &#8211; Verwendung von 40.000 Euro \/ \u00f6ffentliche Gelder<\/a><\/p>\n<p><a href=\"https:\/\/www.ai-le.de\/wp-content\/uploads\/2018\/09\/2018-09-10-Filder-Zeitung-Mageed-Ehrenamtspreis.pdf\" target=\"_blank\" rel=\"noopener noreferrer\">Filder Zeitung September 2018, Mageed Sbagah, unser Bufdi ist vorgeschlagen f\u00fcr den Ehrenamtspreis 2018<\/a><\/p>\n<p><a href=\"https:\/\/www.ai-le.de\/wp-content\/uploads\/2018\/09\/2018-05-14-Filder-Wochenblatt-PSD-Stiftung-LiebensWerte.pdf\" target=\"_blank\" rel=\"noopener noreferrer\">Filder Wochenblatt Mai 2018, Auszeichnung f\u00fcr unser Projekt Deutschkurse f\u00fcr Frauen<\/a><\/p>\n<p><a href=\"https:\/\/www.ai-le.de\/wp-content\/uploads\/2022\/12\/filderzeitung-umgang-netz-juli2017.jpg\" target=\"_blank\" rel=\"noopener noreferrer\">Filder Zeitung, Juli 2017, Fl\u00fcchtlinge lernen Umgang mit dem Netz<\/a><\/p>\n<p><a href=\"https:\/\/www.ai-le.de\/wp-content\/uploads\/2022\/12\/filderzeitung-umzughuerden-juni-2017.jpg\" target=\"_blank\" rel=\"noopener noreferrer\">Filder Zeitung, Juni 2017, Die H\u00fcrden eines Umzugs<\/a><\/p>\n<p><a href=\"https:\/\/www.ai-le.de\/wp-content\/uploads\/2022\/12\/2017-spende-filder-wochenblatt-spende.pdf\" target=\"_blank\" rel=\"noopener noreferrer\">Filder Wochenblatt Mai 2017, Spenden\u00fcbergabe Projekt Fl\u00fcchtlingskinder lernen ihre Muttersprache<\/a><\/p>\n<p><a href=\"https:\/\/www.ai-le.de\/wp-content\/uploads\/2022\/12\/2017-maerz-hilfe-im-kampf-gegen-die-windmuehlen.pdf\" target=\"_blank\" rel=\"noopener noreferrer\">Filder Zeitung M\u00e4rz 2017, Hilfe im Kampf gegen Windm\u00fchlen<\/a><\/p>\n<p><a href=\"https:\/\/www.ai-le.de\/wp-content\/uploads\/2022\/12\/2016-11-fluechtlingskinder-lernen-arabisch.pdf\" target=\"_blank\" rel=\"noopener noreferrer\">Filder Zeitung November 2016, Fl\u00fcchtlingskinder lernen Ihre Muttersprache<\/a><br \/>\n<a href=\"https:\/\/www.ai-le.de\/wp-content\/uploads\/2022\/12\/2016-august-ehrenamtspreis.pdf\" target=\"_blank\" rel=\"noopener noreferrer\">Filder Zeitung August 2016, Die Streiterin f\u00fcr das Wohl der Fl\u00fcchtlinge<\/a><br \/>\n<a href=\"http:\/\/www.ai-le.de\/?p=1\" target=\"_blank\" rel=\"noopener noreferrer\">Filder Zeitung August 2016, Waschen, schneiden, zupfen im zweiten Leben<\/a><br \/>\n<a href=\"https:\/\/www.ai-le.de\/wp-content\/uploads\/2022\/12\/freundeskreis-le-kriegsfluechtlinge-wohnungssuche.pdf\" target=\"_blank\" rel=\"noopener noreferrer\">Filder-Zeitung M\u00e4rz 2016, F\u00fcnf Kinder &#8211; und noch keine Wohnung<br \/>\nStuttgarter Zeitung Januar 2016, Der Vater und die leere Wohnung<br \/>\nFilder-Zeitung Januar 2016, Eigenes Zuhause befl\u00fcgelt die Integration<\/a><\/p>\n<p><a href=\"https:\/\/www.ai-le.de\/wp-content\/uploads\/2022\/12\/freundeskreis-le-kriegsfluechtlinge-wohnungssuche.pdf\" target=\"_blank\" rel=\"noopener noreferrer\">Filder-Zeitung September 2015, Nach langem Warten dr\u00e4ngt nun die Zeit<br \/>\n<\/a><a href=\"https:\/\/www.ai-le.de\/wp-content\/uploads\/2022\/12\/Freundeskreis-le-kriegsfluechtlinge-flughafen.pdf\" target=\"_blank\" rel=\"noopener noreferrer\">Filde-Zeitung August 2015, Fl\u00fcchtlinge besichtigen den Flughafen<br \/>\n<\/a><a href=\"https:\/\/www.ai-le.de\/wp-content\/uploads\/2022\/12\/freundeskreis-le-kriegsfluechtlinge-gemeinderatssitzung.pdf\" target=\"_blank\" rel=\"noopener noreferrer\">Filder-Zeitung Juli 2015, Die Herzen f\u00fcr Fl\u00fcchtlinge mit Bleiberecht \u00f6ffnen<br \/>\n<\/a><a href=\"https:\/\/www.ai-le.de\/wp-content\/uploads\/2022\/12\/freundeskreis-le-kriegsfluechtlinge-praktika-fz-29072015.pdf\" target=\"_blank\" rel=\"noopener noreferrer\">Filder-Zeitung Juli 2015, Praktika f\u00fcr junge Fl\u00fcchtlinge<br \/>\n<\/a><a href=\"https:\/\/www.ai-le.de\/wp-content\/uploads\/2022\/12\/freundeskreis-le-kriegsfluechtlinge-areal.pdf\"> Filder-Zeitung Juli 2015, Der Mensch hinter dem Fl\u00fcchtling<\/a><\/p>\n<div class=\"wp-link-preview\"><\/div>\n<div class=\"wp-link-preview\"><\/div>\n<div class=\"wp-link-preview\"><a href=\"https:\/\/www.ai-le.de\/wp-content\/uploads\/2022\/12\/freundeskreis-le-kriegsfluechtlinge-bessam.pdf\" target=\"_blank\" rel=\"noopener noreferrer\">Stuttgarter Zeitung Juni 2015, Das Heimweh bleibt<\/a><\/div>\n<div class=\"wp-link-preview\"><\/div>\n<div class=\"wp-link-preview\"><\/div>\n<div class=\"wp-link-preview\"><a href=\"https:\/\/www.ai-le.de\/wp-content\/uploads\/2022\/12\/freundeskreis-le-kriegsfluechtlinge-nidal.pdf\" target=\"_blank\" rel=\"noopener noreferrer\">Stuttgarter Zeitung Juni 2015, Kriegsspuren am ganzen K\u00f6rper<\/a><\/div>\n<div class=\"wp-link-preview\"><\/div>\n<div class=\"wp-link-preview\"><\/div>\n<div class=\"wp-link-preview\"><\/div>\n<div class=\"wp-link-preview\"><\/div>\n<div class=\"wp-link-preview\"><\/div>\n<div class=\"wp-link-preview\"><a href=\"https:\/\/www.ai-le.de\/wp-content\/uploads\/2022\/12\/freundeskreis-le-kriegsfluechtlinge-samer.pdf\" target=\"_blank\" rel=\"noopener noreferrer\">Filder-Zeitung Juni 2015, Abenteuerliche Flucht ins Ungewisse<\/a><\/div>\n<div class=\"wp-link-preview\"><\/div>\n<p><a href=\"https:\/\/www.ai-le.de\/wp-content\/uploads\/2022\/12\/freundeskreis-le-auszug-mai-2015.pdf\" target=\"_blank\" rel=\"noopener noreferrer\">Filder-Zeitung Mai 2015, Aufbruch in ein selbstbestimmtes Leben<\/a><\/p>\n<p>Die Presseartikel aus 2015 sind unter &#8222;Freundeskreis f\u00fcr Kriegsfl\u00fcchtlinge&#8220; ver\u00f6ffentlicht, den wir gegr\u00fcndet hatten und der Im November 2015 von einer anderen Gruppierung \u00fcbernommen wurde. Keines der Ursprungs-Gr\u00fcndungsmitglieder des Freundeskreis&#8216; geh\u00f6rt diesem Kreis mehr an.<\/p>\n<p>Wir sind seit November 2014 in der Fl\u00fcchtlingsarbeit in Leinfelden-Echterdingen ehrenamtlich aktiv. Uns war es von Anfang wichtig, mit unserer Pressearbeit und unseren Berichten \u00fcber die Schicksale von Fl\u00fcchtlingen in der \u00d6ffentlichkeit zu einem verst\u00e4ndnisvollen Empfang der Fl\u00fcchtlinge in unserer Stadt beizutragen.<\/p>\n","protected":false},"excerpt":{"rendered":"<p>Presseartikel Stuttgarter Zeitung und Filder-Zeitung Filder Zeitung Februar 2022, Leserbrief &#8222;Arme Kinder in reichen st\u00e4dten&#8220; Filder Zeitung November 2021, Leserbrief &#8222;Nicht Lamentieren&#8220; Filder Zeitung Oktober 2021, Fl\u00fcchtlingshelfer fordern mehr Hilfe Filder Zeitung<a class=\"moretag\" href=\"https:\/\/www.ai-le.de\/?page_id=27\">Read More&#8230;<\/a><\/p>\n","protected":false},"author":1,"featured_media":0,"parent":0,"menu_order":0,"comment_status":"closed","ping_status":"closed","template":"","meta":{"footnotes":""},"_links":{"self":[{"href":"https:\/\/www.ai-le.de\/index.php?rest_route=\/wp\/v2\/pages\/27"}],"collection":[{"href":"https:\/\/www.ai-le.de\/index.php?rest_route=\/wp\/v2\/pages"}],"about":[{"href":"https:\/\/www.ai-le.de\/index.php?rest_route=\/wp\/v2\/types\/page"}],"author":[{"embeddable":true,"href":"https:\/\/www.ai-le.de\/index.php?rest_route=\/wp\/v2\/users\/1"}],"replies":[{"embeddable":true,"href":"https:\/\/www.ai-le.de\/index.php?rest_route=%2Fwp%2Fv2%2Fcomments&post=27"}],"version-history":[{"count":101,"href":"https:\/\/www.ai-le.de\/index.php?rest_route=\/wp\/v2\/pages\/27\/revisions"}],"predecessor-version":[{"id":827,"href":"https:\/\/www.ai-le.de\/index.php?rest_route=\/wp\/v2\/pages\/27\/revisions\/827"}],"wp:attachment":[{"href":"https:\/\/www.ai-le.de\/index.php?rest_route=%2Fwp%2Fv2%2Fmedia&parent=27"}],"curies":[{"name":"wp","href":"https:\/\/api.w.org\/{rel}","templated":true}]}}

<p><strong>Presseartikel Stuttgarter Zeitung und Filder-Zeitung</strong></p>
<p><a href="https://www.ai-le.de/wp-content/uploads/2023/11/2022-02-22-filderzeitung-leserbrief-arme-kinder-in-reichen-staedten.pdf" target="_blank" rel="noopener">Filder Zeitung Februar 2022, Leserbrief &#8222;Arme Kinder in reichen städten&#8220;</a></p>
<p><a href="https://www.ai-le.de/wp-content/uploads/2023/11/2021-11-24-filderzeitung-leserbrief-nicht-lamentieren.pdf" target="_blank" rel="noopener">Filder Zeitung November 2021, Leserbrief &#8222;Nicht Lamentieren&#8220;</a></p>
<p><a href="https://www.ai-le.de/wp-content/uploads/2021/10/2021-10-20-filder-zeitung-fluechtlingshelfer-fordern-mehr-hilfe.pdf" target="_blank" rel="noopener">Filder Zeitung Oktober 2021, Flüchtlingshelfer fordern mehr Hilfe</a></p>
<p><a href="https://www.ai-le.de/wp-content/uploads/2021/10/2021-09-15-filder-zeitung-ein-junger-syrer-geht-seinen-weg.pdf" target="_blank" rel="noopener">Filder Zeitung September 2021, Ein junger Syrer geht seinen Weg</a></p>
<p><a href="https://www.ai-le.de/wp-content/uploads/2021/10/2021-05-31-filderzeitung-montha-hat-noch-immer-keine-integrationskraft.pdf" target="_blank" rel="noopener">Filder Zeitung Mai 2021, Montha hat noch immer keine Integrationskraft</a></p>
<p><a href="https://www.ai-le.de/wp-content/uploads/2022/12/2020-09-29-filderzeitung-familie-kaempft-mit-anwalt-um-kita-platz.pdf" target="_blank" rel="noopener noreferrer">Filder Zeitung September 2020, Familie kämpft mit Anwalt um Kita-Platz</a></p>
<p><a href="https://www.ai-le.de/wp-content/uploads/2022/12/2020-07-13-filderzeitung-der-lange-weg-zum-krankenpfleger.pdf" target="_blank" rel="noopener noreferrer">Filder Zeitung Juli 2020, Der lange Weg zum Krankenpfleger</a></p>
<p><a href="https://www.ai-le.de/wp-content/uploads/2022/12/2020-06-06-filderzeitung-warum-montha-noch-immer-auf-einen-kita-platz-wartet.pdf" target="_blank" rel="noopener noreferrer">Filder Zeitung Juni 2020, Warum Montha noch immer auf einen Kita-Platz wartet</a></p>
<p><a href="https://www.ai-le.de/wp-content/uploads/2022/12/2019-12-02%20FZ%20Leserbrief%20Monika%20Heilmann%20-.pdf" target="_blank" rel="noopener noreferrer">Filder Zeitung Dezember 2019, Leserbrief Monika Heilmann</a></p>
<p><a href="https://www.ai-le.de/wp-content/uploads/2022/12/2019-10-31-fz-der-pinsel-hilft-beim-verarbeiten-des-erlebten.pdf" target="_blank" rel="noopener noreferrer">Filder Zeitung Oktober 2019, Der Pinsel hilft beim Verarbeiten des Erlebten</a></p>
<p><a href="https://www.ai-le.de/wp-content/uploads/2022/12/2019-09-04-zum-duschen-in-den-container.pdf" target="_blank" rel="noopener noreferrer">Filder Zeitung September 2019, Zum Duschen in den Container</a></p>
<p><a href="https://www.ai-le.de/wp-content/uploads/2022/12/2019-05-22-kita-nur-mit-antrag-fz.pdf" target="_blank" rel="noopener noreferrer">Filder Zeitung April 2019, einen kostenlosen Kitaplatz gibt es nur auf Antrag</a></p>
<p><a href="https://www.ai-le.de/wp-content/uploads/2022/12/2019-05-08-filder-extra-wochenblatt-kitabrief.pdf" target="_blank" rel="noopener noreferrer">Filder Extra Wochenblatt April 2019, Kinder benachteiligt</a></p>
<p><a href="https://www.ai-le.de/wp-content/uploads/2022/12/2019-04-20-filderzeitung-tragegurt-und-wohnungssuche.pdf" target="_blank" rel="noopener noreferrer">Filder Zeitung April 2019, Suche von Tragegurt und Wohnung</a></p>
<p><a href="https://www.ai-le.de/wp-content/uploads/2022/12/2018-10-21-filder-zeitung-flueag-gelder.pdf" target="_blank" rel="noopener noreferrer">Filder Zeitung Oktober 2018, Auch unter Helfern gibt es Streit &#8211; Verwendung von 40.000 Euro / öffentliche Gelder</a></p>
<p><a href="https://www.ai-le.de/wp-content/uploads/2018/09/2018-09-10-Filder-Zeitung-Mageed-Ehrenamtspreis.pdf" target="_blank" rel="noopener noreferrer">Filder Zeitung September 2018, Mageed Sbagah, unser Bufdi ist vorgeschlagen für den Ehrenamtspreis 2018</a></p>
<p><a href="https://www.ai-le.de/wp-content/uploads/2018/09/2018-05-14-Filder-Wochenblatt-PSD-Stiftung-LiebensWerte.pdf" target="_blank" rel="noopener noreferrer">Filder Wochenblatt Mai 2018, Auszeichnung für unser Projekt Deutschkurse für Frauen</a></p>
<p><a href="https://www.ai-le.de/wp-content/uploads/2022/12/filderzeitung-umgang-netz-juli2017.jpg" target="_blank" rel="noopener noreferrer">Filder Zeitung, Juli 2017, Flüchtlinge lernen Umgang mit dem Netz</a></p>
<p><a href="https://www.ai-le.de/wp-content/uploads/2022/12/filderzeitung-umzughuerden-juni-2017.jpg" target="_blank" rel="noopener noreferrer">Filder Zeitung, Juni 2017, Die Hürden eines Umzugs</a></p>
<p><a href="https://www.ai-le.de/wp-content/uploads/2022/12/2017-spende-filder-wochenblatt-spende.pdf" target="_blank" rel="noopener noreferrer">Filder Wochenblatt Mai 2017, Spendenübergabe Projekt Flüchtlingskinder lernen ihre Muttersprache</a></p>
<p><a href="https://www.ai-le.de/wp-content/uploads/2022/12/2017-maerz-hilfe-im-kampf-gegen-die-windmuehlen.pdf" target="_blank" rel="noopener noreferrer">Filder Zeitung März 2017, Hilfe im Kampf gegen Windmühlen</a></p>
<p><a href="https://www.ai-le.de/wp-content/uploads/2022/12/2016-11-fluechtlingskinder-lernen-arabisch.pdf" target="_blank" rel="noopener noreferrer">Filder Zeitung November 2016, Flüchtlingskinder lernen Ihre Muttersprache</a><br />
<a href="https://www.ai-le.de/wp-content/uploads/2022/12/2016-august-ehrenamtspreis.pdf" target="_blank" rel="noopener noreferrer">Filder Zeitung August 2016, Die Streiterin für das Wohl der Flüchtlinge</a><br />
<a href="http://www.ai-le.de/?p=1" target="_blank" rel="noopener noreferrer">Filder Zeitung August 2016, Waschen, schneiden, zupfen im zweiten Leben</a><br />
<a href="https://www.ai-le.de/wp-content/uploads/2022/12/freundeskreis-le-kriegsfluechtlinge-wohnungssuche.pdf" target="_blank" rel="noopener noreferrer">Filder-Zeitung März 2016, Fünf Kinder &#8211; und noch keine Wohnung<br />
Stuttgarter Zeitung Januar 2016, Der Vater und die leere Wohnung<br />
Filder-Zeitung Januar 2016, Eigenes Zuhause beflügelt die Integration</a></p>
<p><a href="https://www.ai-le.de/wp-content/uploads/2022/12/freundeskreis-le-kriegsfluechtlinge-wohnungssuche.pdf" target="_blank" rel="noopener noreferrer">Filder-Zeitung September 2015, Nach langem Warten drängt nun die Zeit<br />
</a><a href="https://www.ai-le.de/wp-content/uploads/2022/12/Freundeskreis-le-kriegsfluechtlinge-flughafen.pdf" target="_blank" rel="noopener noreferrer">Filde-Zeitung August 2015, Flüchtlinge besichtigen den Flughafen<br />
</a><a href="https://www.ai-le.de/wp-content/uploads/2022/12/freundeskreis-le-kriegsfluechtlinge-gemeinderatssitzung.pdf" target="_blank" rel="noopener noreferrer">Filder-Zeitung Juli 2015, Die Herzen für Flüchtlinge mit Bleiberecht öffnen<br />
</a><a href="https://www.ai-le.de/wp-content/uploads/2022/12/freundeskreis-le-kriegsfluechtlinge-praktika-fz-29072015.pdf" target="_blank" rel="noopener noreferrer">Filder-Zeitung Juli 2015, Praktika für junge Flüchtlinge<br />
</a><a href="https://www.ai-le.de/wp-content/uploads/2022/12/freundeskreis-le-kriegsfluechtlinge-areal.pdf"> Filder-Zeitung Juli 2015, Der Mensch hinter dem Flüchtling</a></p>
<div class="wp-link-preview"></div>
<div class="wp-link-preview"></div>
<div class="wp-link-preview"><a href="https://www.ai-le.de/wp-content/uploads/2022/12/freundeskreis-le-kriegsfluechtlinge-bessam.pdf" target="_blank" rel="noopener noreferrer">Stuttgarter Zeitung Juni 2015, Das Heimweh bleibt</a></div>
<div class="wp-link-preview"></div>
<div class="wp-link-preview"></div>
<div class="wp-link-preview"><a href="https://www.ai-le.de/wp-content/uploads/2022/12/freundeskreis-le-kriegsfluechtlinge-nidal.pdf" target="_blank" rel="noopener noreferrer">Stuttgarter Zeitung Juni 2015, Kriegsspuren am ganzen Körper</a></div>
<div class="wp-link-preview"></div>
<div class="wp-link-preview"></div>
<div class="wp-link-preview"></div>
<div class="wp-link-preview"></div>
<div class="wp-link-preview"></div>
<div class="wp-link-preview"><a href="https://www.ai-le.de/wp-content/uploads/2022/12/freundeskreis-le-kriegsfluechtlinge-samer.pdf" target="_blank" rel="noopener noreferrer">Filder-Zeitung Juni 2015, Abenteuerliche Flucht ins Ungewisse</a></div>
<div class="wp-link-preview"></div>
<p><a href="https://www.ai-le.de/wp-content/uploads/2022/12/freundeskreis-le-auszug-mai-2015.pdf" target="_blank" rel="noopener noreferrer">Filder-Zeitung Mai 2015, Aufbruch in ein selbstbestimmtes Leben</a></p>
<p>Die Presseartikel aus 2015 sind unter &#8222;Freundeskreis für Kriegsflüchtlinge&#8220; veröffentlicht, den wir gegründet hatten und der Im November 2015 von einer anderen Gruppierung übernommen wurde. Keines der Ursprungs-Gründungsmitglieder des Freundeskreis&#8216; gehört diesem Kreis mehr an.</p>
<p>Wir sind seit November 2014 in der Flüchtlingsarbeit in Leinfelden-Echterdingen ehrenamtlich aktiv. Uns war es von Anfang wichtig, mit unserer Pressearbeit und unseren Berichten über die Schicksale von Flüchtlingen in der Öffentlichkeit zu einem verständnisvollen Empfang der Flüchtlinge in unserer Stadt beizutragen.</p>

<p>Presseartikel Stuttgarter Zeitung und Filder-Zeitung Filder Zeitung Februar 2022, Leserbrief &#8222;Arme Kinder in reichen städten&#8220; Filder Zeitung November 2021, Leserbrief &#8222;Nicht Lamentieren&#8220; Filder Zeitung Oktober 2021, Flüchtlingshelfer fordern mehr Hilfe Filder Zeitung<a class="moretag" href="https://www.ai-le.de/?page_id=27">Read More&#8230;</a></p>
